hat is the remainder when r is divided by 11?
7
Let t = -35 - -63. Suppose 0 = 3*d + 2*v - 0*v - t, 25 = 5*v. What is the remainder when 9 + (2 - (0 - -1)) is divided by d?
4
Suppose -220 = t + 3*t. What is the remainder when 122/6 + (-1)/3 is divided by (-10)/t + (-150)/(-22)?
6
Let d = 3 - 2. Suppose -h = -5 + 2. Suppose 2*p = -h*p + 5. What is the remainder when d is divided by p?
0
Suppose m - h - 7 = -0*h, -5*m = h - 17. Suppose 7 = 3*s - 2. Calculate the remainder when m is divided by s.
1
Let r = 69 + -13. Calculate the remainder when r is divided by 20.
16
Let w(j) = 6*j**3 + 4*j + 0*j + 0*j**3 - 5*j**3 - 3 - j**2. What is the remainder when 26 is divided by w(2)?
8
Suppose -3*b + 5*b = 66. What is the remainder when 96 is divided by b?
30
Suppose 119 = -5*s + 234. Suppose -b + 34 = -5*i - 18, 3*b + 3*i - 210 = 0. Calculate the remainder when b is divided by s.
21
Let p = -3 + 9. Suppose k - p = -2. Calculate the remainder when 6 is divided by k.
2
Let y = 178 - 110. Let q = y - 38. Calculate the remainder when 88 is divided by q.
28
Let w(o) = -o**2 - 11*o + 2. What is the remainder when w(-8) is divided by 3?
2
Suppose -2*u = 2*o - 3*u - 28, 3*o - 4*u - 52 = 0. Suppose y - o - 2 = 0. What is the remainder when (52/5)/(6/15) is divided by y?
12
Suppose h - 5 - 38 = 0. Suppose -8 = -4*d, 0 = 2*k - 5*d + 4*d - 28. Calculate the remainder when h is divided by k.
13
Let z = 9 + 11. Let j be -3*(-1)/(-2)*-2. Suppose -33 = -j*t - 4*n, 0 = 5*t + 4*n - 35 - 20. What is the remainder when z is divided by t?
9
Suppose 0 = 4*q, -3*y + 71 = -3*q - 166. What is the remainder when y is divided by 16?
15
Calculate the remainder when (6/2)/(6/8) is divided by (8/(-10))/(14/(-35)).
0
Let u(m) = -m**3 + 6*m**2 + 4. Suppose 8*l = 11*l - 45. Calculate the remainder when u(5) is divided by l.
14
Let v be -1*1*(-3 - -3). Suppose 3*z - 33 + 9 = v. Calculate the remainder when 74/5 + 5/25 is divided by z.
7
Suppose -6*m + 7 = -5*m. Let b be -3*(3 + 10/(-6)). Let g = m + b. Calculate the remainder when 4 is divided by g.
1
Calculate the remainder when 83 is divided by (-29)/((-2)/(-1) - 3).
25
Let a(m) = 2*m - 9 + 0 - 2. Let y(k) = -k - 3. What is the remainder when a(10) is divided by y(-6)?
0
Let q = 1 - -13. Suppose 0 = -p - 4*p - 5, -103 = -2*l - 3*p. Calculate the remainder when l is divided by q.
11
What is the remainder when (-2)/(-4) + 6/12 - -7 is divided by 5?
3
What is the remainder when 13 is divided by 5 - (-5 + 3 + 0)?
6
Calculate the remainder when 50 is divided by (26/(-4))/(1/(-2)).
11
Let p = 10 - -5. Let y(h) = -7*h - 7. Calculate the remainder when y(-7) is divided by p.
12
Let p(l) = 10*l**3 + l**2 - 2*l + 1. Let m(h) = -h**3 + 12*h**2 - 9*h - 5. Calculate the remainder when m(11) is divided by p(1).
7
Suppose w = 1, j - 5*w = 6*j - 50. Suppose 3*k - 51 = -0*k. What is the remainder when k is divided by j?
8
Let m(w) = 22*w**2 + 4*w + 3. Calculate the remainder when m(-2) is divided by 28.
27
Suppose -4*v - 5*w + 229 = 0, 235 = v + 3*v + 3*w. Calculate the remainder when v is divided by 8.
5
Calculate the remainder when 55 is divided by (-2)/(-6)*9 + 26.
26
Let y = -36 - -84. Calculate the remainder when y is divided by 13.
9
Suppose -n - 2*v + 68 = -v, 5*n = v + 334. What is the remainder when n is divided by 23?
21
Let p be -8*-1*3/12. Suppose 0 = 3*y - p*y - 19. What is the remainder when 56 is divided by y?
18
Let h(d) = -10*d - 17. Let a(f) = 15*f + 26. Let g(p) = -5*a(p) - 8*h(p). Let z be g(5). Suppose 2 = 3*j - z. What is the remainder when 42 is divided by j?
9
Let r = 24 + -22. Suppose m - r*b - 21 = 0, 2*m + 8 = -3*b + 50. Calculate the remainder when m is divided by 11.
10
Suppose z - 1 = -5*i - 19, 3 = -z - 2*i. Suppose r = 1 + 18. What is the remainder when r is divided by z?
5
Let s(x) = x**2 + x - 2. Let t be s(-2). Suppose 3*b - 2*w - 29 = 0, -4*b - w + 46 = -t*w. What is the remainder when 43 is divided by b?
10
Suppose -54*s - 30 = -59*s. Suppose -4*i + 29 = -15. Calculate the remainder when i is divided by s.
5
Suppose -k + 2*h + 2*h = -74, 0 = -2*k - h + 193. Calculate the remainder when k is divided by 19.
18
Let r(k) = k**2 + k + 3. Let s be r(0). Suppose 3*j - 15 + s = 0. Calculate the remainder when 9 is divided by j.
1
Suppose -5 = -5*q - 5*n, 3*q - q - 6 = -n. Suppose -4*l + 15 = 3*s - 17, 5*l = q*s - 30. Calculate the remainder when s is divided by 5.
3
Let k = 9 + -4. Let f = -8 - -19. Calculate the remainder when (k*-2)/(2/(-4)) is divided by f.
9
Let f = -120 - -170. What is the remainder when f is divided by -3 + 33 + -3 - 1?
24
What is the remainder when 72 is divided by 2 + (16 - (-9)/(-3))?
12
Let k be ((-9)/(-15))/(2/10). Suppose b - 30 + 5 = 4*r, 0 = -3*b - k*r + 15. Calculate the remainder when (-8)/((-5)/2 + 2) is divided by b.
7
Let j be (1 - -2)*(-40)/(-24). Suppose -r + 2*h = -16, 2*r = -r + j*h + 46. Calculate the remainder when 22 is divided by r.
10
Let i be (-3)/(((-1)/2)/1). Let z(d) = -d**2 + 8*d - 5. Calculate the remainder when z(i) is divided by 3.
1
Suppose -w = -3*i + i - 27, -4*i - 31 = -w. Calculate the remainder when w is divided by 14.
9
Let n = -29 + 69. Suppose 0*h - 3*h + a = -92, -h + n = 2*a. What is the remainder when h is divided by 11?
10
Let t = -15 + 43. Calculate the remainder when t is divided by 10.
8
Let h be (-3*12/9)/1. Let c(y) = y**3 + 4*y**2 - 4*y - 2. What is the remainder when 39 is divided by c(h)?
11
Suppose 0*a + 4*g + 4 = -4*a, -5*a = g + 13. Calculate the remainder when 36 + (0 - (-2)/2) is divided by (-1)/(2/(-32)) - a.
18
Suppose -36 = -2*h + 78. Calculate the remainder when h is divided by 20.
17
What is the remainder when 97 is divided by (36/8 - 6)*(-44)/6?
9
Suppose 0*w = 3*j - 4*w - 148, -2*j - 2*w = -122. What is the remainder when j is divided by 15?
11
Let t = 43 + -31. Suppose 2*f - 2*b - 6 = t, f + 3*b - 29 = 0. Calculate the remainder when 27 is divided by f.
13
Suppose 45 + 507 = 8*g. What is the remainder when 137 is divided by g?
68
Let f = -18 - -56. What is the remainder when 111 is divided by f?
35
Let x = 15 - -13. Suppose 2*n - x = -4. What is the remainder when 36 + 1 + 0 + -3 is divided by n?
10
Suppose -5*k = r - 6*r + 10, 19 = 5*r + 4*k. Suppose -r*g - 6*n + 59 = -5*n, -20 = -4*n. What is the remainder when (78/4)/((-3)/(-8)) is divided by g?
16
Let z = 5 - 0. Suppose -5*n = d + 4, -2*d + n - 2 = -z*d. What is the remainder when 21 is divided by 12 + -2*d/2?
10
Let f(z) = -z - 1. Let c be f(-1). Suppose 2 = -c*d + d. Calculate the remainder when 7 is divided by 34/10 + d/(-5).
1
Let a = 22 + 43. Calculate the remainder when a is divided by 23.
19
Let g be (580/(-8))/(-5)*-4. Let t be 1 + 4*1*-21. Let f = g - t. What is the remainder when f is divided by 13?
12
Suppose 1 = -5*f + 6. Suppose 5*l - f = 19. Suppose -4*k - 43 = -3*s - 9*k, 4*k = 8. Calculate the remainder when s is divided by l.
3
Let l = 13 - 1. Let x(n) = -4*n**3 + 2. Calculate the remainder when x(-2) is divided by l.
10
Let h(n) = 2*n**2 + 2*n - 6. What is the remainder when h(5) is divided by 14?
12
Let k = 8 - 4. Let q(o) = -11*o**2 - 4 + 4*o**3 - o**3 - 2*o - k*o**3. What is the remainder when q(-11) is divided by 7?
4
Suppose 0 = 2*z + 2*z - 76. Suppose 6*g - 2*g = 20. Suppose a - g*i = z - 2, -5*a - 5*i = -55. Calculate the remainder when 23 is divided by a.
11
Suppose -7 = -g + 2. Suppose 0 = -4*t + t + g. Let o(x) = -x**3 + 6*x**2 - 3*x - 6. What is the remainder when o(5) is divided by t?
1
Let d(u) = -6*u**3 - 5*u**2 - 3*u. Calculate the remainder when d(-2) is divided by 9.
7
Suppose -9*i = 4*i - 143. Calculate the remainder when 19 is divided by i.
8
Let h(c) = -6*c**3 - c**2 + 1. Let o be h(-1). Let p be (2/o)/(1/21). Suppose -p = -3*n - 1. Calculate the remainder when 3 is divided by n.
1
Let c(l) = l**2 - 2*l - 1. Let p be c(3). Suppose -6*r + 12 = -p*r. Suppose 0 = 10*n + 22 - 72. What is the remainder when n is divided by r?
2
Let t(s) = -11*s. Let u be t(-1). Suppose -u = i - 2*i. Let o(d) = 2*d**2 + 6*d - 5. Calculate the remainder when o(-6) is divided by i.
9
Suppose 3*r - 15 = 51. Suppose 5*n - 3*n = 18. Calculate the remainder when r is divided by n.
4
Suppose -3*s = -45 - 24. Calculate the remainder when s is divided by 11.
1
Calculate the